- 1522 = 0, 0 = -3*a + 12. Is t a prime number?
False
Let y(p) be the first derivative of 27*p**2 - 7*p - 7. Is y(3) a composite number?
True
Let d = 16287 + 9326. Is d prime?
False
Suppose 3*n - 46411 = 13*c - 17*c, 5*c - 4*n - 57975 = 0. Is c prime?
False
Suppose -y + 4*y = 360. Let q = 22 + y. Is q composite?
True
Let y(f) = -870*f + 107. Is y(-9) a composite number?
False
Suppose 5*t = 2*t - 3*l + 6, 0 = 4*t + l - 8. Let s be -6*(-9)/12*t. Suppose -276 = -3*h - s. Is h a prime number?
True
Let m be 5*(-2 - -1)*-1. Suppose -m*c = 5, -4*c = 2*g - 2977 - 6227. Suppose 0 = 2*r + 2*r - g. Is r a prime number?
True
Suppose 41531 = 10*u - 3*u. Is u composite?
True
Suppose -4*r + 4*w = -3*r - 23, 0 = -4*w. Suppose 40*g = 36*g + 168. Let n = g - r. Is n a composite number?
False
Is ((-163912)/24)/((-6)/18) prime?
False
Let n be 40/14 - (-2)/14. Suppose -n*q - 2*q + 25 = 0. Suppose 0 = 2*t - q*c - 429, 5*t - 5*c = -c + 1030. Is t composite?
True
Suppose -17 = -r + c + 3*c, 4*r = 2*c - 2. Is r - ((-213)/(-9) - 3)*-15 a prime number?
True
Let l(g) = -6*g**3 - 6*g**2 + 11*g + 53. Is l(-6) prime?
False
Suppose 0 = 5*c - 4*c - 895. Let z be c - (-4)/(-8)*2. Suppose 3*b = 9*b - z. Is b composite?
False
Let o be 12/(-78) + 84/39. Let d(j) = -3*j + 1 + 4*j + o*j - 5*j + 24*j**2. Is d(4) a prime number?
False
Suppose 54*b = 61*b - 57827. Is b a prime number?
False
Suppose -2*z + 0*y + 4*y + 12818 = 0, -3*z - 2*y + 19251 = 0. Is z composite?
True
Let v(c) = c**3 - 10*c**2 - 3*c + 27. Let h be v(10). Is 1 + ((-2 + -4399)/h - -3) prime?
True
Is 24/108 - 26308/(-36) composite?
True
Suppose z + 2*h - 30 = 0, -3*z + 89 = 3*h + 2*h. Let t(d) = 2*d**2 + 7*d + 1. Let p be t(-6). Let m = p + z. Is m a composite number?
False
Suppose 0 = -26*s + 19*s + 104881. Is s composite?
False
Let t(l) be the second derivative of -7*l**6/360 + l**5/24 + 2*l**4/3 + 8*l. Let q(r) be the third derivative of t(r). Is q(-3) composite?
False
Suppose 4*s + q + 58 = 4*q, 2*s + 30 = 2*q. Let i(g) = -215*g + 38. Is i(s) prime?
True
Is (-1)/(-2)*(2652 + 2) a prime number?
True
Suppose 3*g + 5 = 4*d, 0 = -5*g + 32 - 7. Suppose 2*h = -d*x + 674, -3*x + 8*x - 337 = -h. Is h a composite number?
False
Let c(x) be the second derivative of 23*x**5/10 + 5*x**2/2 + 38*x. Is c(2) a prime number?
True
Let r be 0*(-2)/8 - -2. Let h be 24/(-14)*(-7)/r. Suppose 4*p - h*p = -46. Is p prime?
True
Let w(u) = -2724*u - 11. Is w(-2) a composite number?
False
Let v(i) = 4*i**3 - 2*i**2 - 3*i + 7. Is v(2) a composite number?
True
Suppose -3*z = -3*m - 0*z, 5*z + 1 = 4*m. Is 2043 - (3 - m - 0) composite?
False
Let d = -2847 - -5168. Is d composite?
True
Let o = 8 - 4. Suppose o*p + 1526 = -3066. Is (-3)/9 - p/6 composite?
False
Let b(o) be the second derivative of -1/6*o**3 + 1/3*o**4 + 0 + o**2 - 5*o + 1/20*o**5. Is b(-3) a prime number?
False
Let u = -48 - -34. Is 2972*(u/8)/(-7)*1 a prime number?
True
Let j(r) = 2*r + 21. Let w be j(-7). Is 3198 + ((-1)/(-7))/(1/w) prime?
False
Let r(w) = -3*w + 131*w**2 - 2 + 60*w**2 + 3 + 7*w. Is r(4) a prime number?
False
Suppose 3751 = a + 2*f - 5*f, -f = -3*a + 11221. Is a a prime number?
True
Let f(i) = -i**2 + 15*i - 8. Let b be f(10). Suppose 3 = -3*a - 9. Is 1 - (4 + a - b) a prime number?
True
Is -3 - (-34 - 36/9) a composite number?
True
Suppose 0 = 3*j + z - 19, 0*z + 4 = 4*j - 4*z. Suppose -j*d + 8 = -32. Let h(u) = u**3 - 7*u**2 + 9*u + 7. Is h(d) a composite number?
True
Suppose -4*b - 3 + 19 = 0. Suppose a + 2*a + 3*z = 252, b*z + 94 = a. Is a prime?
False
Suppose 2*n = -n. Let t(o) = n*o + 9*o - 5 + 2*o - 6. Is t(6) a prime number?
False
Is (-6)/(-4)*3/(-18)*-1636 composite?
False
Let a(r) = r. Let n(w) = 4*w - 2. Let s(i) = 5*a(i) - n(i). Let q be s(-5). Let v(l) = 42*l**2 + 4*l + 1. Is v(q) a composite number?
False
Suppose 34*h + 130271 = 51*h. Is h prime?
False
Let d be 367/(10/(-5) - -1). Let a = 662 + d. Is a a composite number?
True
Let s(k) = k**2 - 12*k + 38. Let y be s(7). Suppose 5*t - 934 = y*t. Is t composite?
False
Is (-57 - -164)/(2/106) composite?
True
Is (3/(-6))/(26/(-70772)) composite?
False
Suppose 14*u + u - 3*u = 0. Is (97 + 9)/(2 - u) a prime number?
True
Let y(l) = 8*l - 4. Let k be y(1). Suppose -3*q + 17608 = k*g, 4383 = -0*g + g - 4*q. Is g prime?
False
Let o(i) = 3*i + 8. Let l be o(-1). Suppose -l*h + 20 = 0, 0 = 2*m - 0*h - h - 602. Is m prime?
False
Let h(j) = j**3 - 8*j**2 + 2*j + 10. Let k be 5/(-1)*(-54)/30. Let t be h(k). Suppose -2*d - t = -3*i - 4*d, i = -3*d + 34. Is i prime?
True
Let x(l) = -l**2 + 21*l + 1. Let a = 5 + 4. Is x(a) a composite number?
False
Suppose 0 = -i + 7*i + 8226. Let d = -738 - i. Is d a composite number?
True
Let y(i) = i**3 + 31*i**2 + 11*i + 215. Is y(-30) prime?
False
Suppose 19*i + v = 16*i + 48058, -v = -1. Is i composite?
True
Let q(m) = m**3 + 12*m**2 + 3*m - 8. Let b be q(-9). Let l = b + -114. Suppose d - l = -4*i + 43, 0 = d - 5*i - 101. Is d composite?
True
Suppose 2*s = 2*a, 0 = -5*s + s - a - 20. Let p be (54/s)/((-15)/(-260)). Let z = -73 - p. Is z composite?
True
Suppose -70720 = -5*a + 5*b, 3*a = -0*a + 4*b + 42433. Is a a prime number?
True
Let m(r) be the second derivative of -r**3/3 + 3*r**2/2 - 3*r. Let h be m(3). Is h/6*6 - -92 prime?
True
Let u = -12 + 15. Suppose -5*c - 30 = u*z, -5*c + 10 = -4*z - z. Is (-9)/6*62/c a prime number?
True
Let g(t) = -t**2 - 9*t + 13. Let q be g(9). Suppose -2*u = -3*r + 5*r - 514, -4*r - 1294 = -5*u. Let m = u + q. Is m a prime number?
True
Suppose 3*y = y + 2. Let c(s) = 4*s**2 + 2*s - 1. Let j be c(y). Suppose -j*x = -x - 764. Is x a prime number?
True
Suppose 8*a - 5*a - 15 = 0. Suppose 4*b - 1847 = -a*j, 2*j = -b - 3*b + 734. Is j a composite number?
True
Let y(z) = -3*z**2 - 6*z - 21. Let l(t) = -8*t**2 - 17*t - 64. Let k(c) = -4*l(c) + 11*y(c). Is k(0) a composite number?
True
Let t = 101 + -26. Is -14*(t/(-6) + -3) prime?
False
Suppose -56199 = 7*y - 161948. Is y composite?
False
Suppose -31*j + 12*j + 322601 = 0. Is j a prime number?
True
Let i = -101 - -87. Is (-134*i/21)/(2/3) composite?
True
Let y(z) = -299*z - 523. Is y(-84) a composite number?
False
Suppose -4*i - 5*f = 421, 314 = -0*i - 3*i - 2*f. Let o = i - -38. Let a = o + 199. Is a composite?
True
Suppose -4*r - 2*j + 5*j + 14561 = 0, 2 = 2*j. Is r composite?
True
Let u = 14 - 11. Let g be ((-2328)/(-20))/u*-5. Let z = -127 - g. Is z a composite number?
False
Let m(x) = 45*x**2 - 25*x + 17. Is m(-11) a prime number?
True
Is (1 + -3)*(-99)/18*557 composite?
True
Let r(c) be the first derivative of 4*c**3 - 11 - 14*c - 9/2*c**2. Is r(-5) composite?
False
Suppose 801 = -3*l - 4*q, 4*l + 2*q - 7*q = -1068. Suppose 0*d - 3*d = -3*p - 432, 576 = -4*p + d. Let f = p - l. Is f prime?
False
Let c = 87 - 82. Suppose -859 = -n + 2*f, 3*f = -c*n + f + 4247. Is n composite?
True
Suppose 0 = 2*j + j - 222. Let v = j + 39. Is v a prime number?
True
Let b(j) = 5*j + 2*j**2 - 3*j**2 + 114*j**3 + 4*j**2 - 7*j**2 + 1. Is b(2) prime?
True
Let c(w) be the first derivative of w**2/2 + 19*w - 5. Let b be c(-16). Suppose 4*f - 233 = b*j, 2*j - 3 = 7. Is f composite?
True
Let r = 29 - 26. Suppose 8*g - 1115 = r*g. Is g a composite number?
False
Suppose p + 139*m - 8797 = 141*m, -p + 8809 = 2*m. Is p composite?
False
Let h(k) = -k**3 - 4*k**2 - k. Let c be h(-4). Is 336 + (-2)/((-8)/c) prime?
True
Let k = 5187 + -2468. Is k prime?
True
Let a be ((-3)/(-1) + 2327)*-1. Let x = -369 - a. Is x composite?
True
Suppose 0 = -4*k + 5*y + 54671 + 3316, -k + 14487 = 2*y. Is k composite?
True
Let d(h) = h**2 + h + 1. Let z be d(0). Let r be (-3)/z + (-7)/(-1). Suppose 4*x = -2*l + 520, -r*x + l = -0*l - 526. Is x composite?
False
Let x = 8 - 7. Let i be (1/(-4))/(x/(-8)). Is 119*1 - (6 - i) a composite number?
True
Let x(w) = -6029*w**3 - 4*w**2 - 5*w - 1. Is x(-1) composite?
False
Let a(s) = -1832*s + 83. Is a(-4) composite?
False
Let x be (141/6)/(2*3/(-504)). Is (-1 - x)/((-2)/1 - -3) a composite number?
False
Is (269/3)/(6/180*10) prime?
True
Suppose 172328 - 25058 = 10*t. Is t a prime number?
False
Suppose 0 = -2*u + j + 10 - 2, 0 = -4*u + 3*j + 20. Suppose 5*z = -2*r + z, -5*r = -u*z - 24. Suppose -3*h + r*w + 479 = -106, -4*h = 2*w - 758. Is h composite?
False
Suppose -w + 0*w = -2*t - 1, 0 = -3*t + 4*